t v be t(7). Suppose -v*y + 8 = -7*y. What is the units digit of y?
2
Suppose 203*m - 218*m = -49815. What is the hundreds digit of m?
3
Suppose -728 + 228 = -5*q. What is the hundreds digit of q?
1
Suppose -4*l - 8*l = -16656. What is the hundreds digit of l?
3
Suppose -4 = -x, 3*p - 17 = 2*p - 3*x. Suppose 0 = -p*u - 5*q + 80, -6*u + 98 = -u - q. Suppose u = 4*b + 3. What is the units digit of b?
4
Let j = 61 - 108. Let p = -87 - j. What is the units digit of (-5)/(-2*(-4)/p)?
5
Let d(k) = -30*k - 29. Suppose -6 = 2*x + 5*t + 12, x - 4*t + 9 = 0. What is the tens digit of d(x)?
4
Let w = -970 - -1771. What is the tens digit of w?
0
Let s(p) be the first derivative of p**3/3 - 5*p**2/2 + 5*p - 6. Suppose 4 = 4*o, 7*o = f + 2*o. What is the units digit of s(f)?
5
Let m(l) = 4*l**2 + 29*l - 46. What is the hundreds digit of m(25)?
1
Let b = 170 + 536. What is the units digit of b?
6
Let p(h) = -2*h**3 - 5*h**2 - 18*h - 41. What is the thousands digit of p(-9)?
1
Suppose -4*p + 2*p = -5*x - 18, 0 = p - x - 6. Let d = p - -15. Suppose -d = -b - 2*t, 0*t + 80 = 4*b + 4*t. What is the units digit of b?
1
What is the tens digit of (-5)/(25/2155)*-1?
3
Let q = -561 - -792. Suppose 5*m - 119 = q. What is the units digit of m?
0
Let z = -160 + 245. Let o = 231 - z. What is the tens digit of o?
4
Let d be (-40)/(-14) - 14/(-98). Suppose 2 = f + d*a + 12, -3*f - 3*a = 0. What is the units digit of f?
5
Suppose -13*h + 2*h + 1298 = 0. Suppose -8*k = -h - 1586. What is the hundreds digit of k?
2
Suppose -5*y + 3*s + 175 = 0, -10 = -3*y - 4*s + 95. Let a be ((-28)/y)/(2/(-370)). Let v = a + -100. What is the units digit of v?
8
Suppose 131*o - 135*o + 776 = 0. What is the hundreds digit of o?
1
Suppose -53881 = 112*n - 455289. What is the tens digit of n?
8
What is the hundreds digit of 94752/135 - (-4)/30?
7
Suppose -4*u - 12 = -u. Let h be 7 + u - (0 - 1). Suppose h*p - 3*i - 60 = 99, -75 = -2*p - 3*i. What is the units digit of p?
9
Suppose 0 = -2*j + 12 + 6. Suppose -6*x = -j*x + 3. What is the units digit of x?
1
Suppose -14*p + 4 = -18*p. Suppose -3*l + 36 = 12. Let x = p + l. What is the units digit of x?
7
Suppose 0 = -31*i + 34*i - 15. Suppose 2 + i = j. Suppose 69 + j = 4*n. What is the units digit of n?
9
Let n(y) = -3860*y**3 + 31*y + 32. What is the thousands digit of n(-1)?
3
Suppose s + 4 = 4*h - 6, -4*s - 2*h = -14. Suppose q = -s*t + 7, -4*q - 8*t = -3*t - 25. Suppose 9*w = q*w + 52. What is the units digit of w?
3
Let f(i) be the third derivative of -i**5/30 - 5*i**4/24 - 2*i**3/3 - 7*i**2. Let z be f(-3). Let r(h) = -8*h + 5. What is the tens digit of r(z)?
6
Let a be 26*((-940)/(-28) + 6/14). Suppose -6*j = -a + 218. What is the hundreds digit of j?
1
Let d(m) = m**3 + 18*m**2 + 2*m - 17. Let y(l) = l**2 + l. Let o(j) = -d(j) + 5*y(j). Let h be o(-13). Let i = h + 29. What is the units digit of i?
7
Let o = 37 - 56. Let l(b) = -2*b. What is the units digit of l(o)?
8
Let z = 25 - 26. Let s(c) = -29*c + 2. What is the tens digit of s(z)?
3
Suppose 8 = -4*l - 56. Let v = -10 - l. Suppose b - v*b = -75. What is the tens digit of b?
1
Let a(n) = n**3 - 7*n**2 - 16*n - 30. What is the hundreds digit of a(11)?
2
Let m(u) = 91*u + 65. Let y(n) = n + 1. Let o(s) = -m(s) + 65*y(s). What is the units digit of o(-2)?
2
Suppose -5*y + 1576 = 136. What is the tens digit of y?
8
Suppose 0 = -10*y - 4307 + 12177. What is the units digit of y?
7
Let o = 13 - 7. Suppose o*b - b = 115. What is the units digit of b?
3
Suppose 13020 + 11056 = 52*b. What is the tens digit of b?
6
Let h = -154 + 159. Suppose b - 1544 = -h*q, 0 = b + b + 2. What is the tens digit of q?
0
Let z be 2/10 + 1838/10. Suppose -2*x + 200 = 3*b + 3*x, x = -3*b + z. What is the tens digit of b?
6
Suppose -2414 - 6130 = -12*w. What is the hundreds digit of w?
7
Let x be -3 + -3 + 5 + -3 + 17. Let m = 71 - x. What is the tens digit of m?
5
Let s(v) = 8*v**3 + 23*v**2 + 52*v + 3. What is the hundreds digit of s(7)?
2
Let g(c) = 2*c**2 + 6*c - 5. Let p be g(-4). Suppose -5*w - p*h + 627 = 0, 7*w = 2*w - 5*h + 635. What is the units digit of w?
3
Let l(g) = -2*g**3 - 5*g**2 - g + 2. Let o = -19 + 15. What is the tens digit of l(o)?
5
Suppose 9466 = 3*c - 2*i + 3*i, 0 = 3*c + 3*i - 9462. What is the units digit of c?
6
Let z = -5 - -11. Let l(d) = -7 + 4*d**2 + 1 - 2*d**2 - 6*d. What is the tens digit of l(z)?
3
Let d be 13 - (0 - 1) - -4. Let x = -17 + d. What is the units digit of x?
1
Let i = -2 + 5. Let o = 0 + i. Suppose -2*b + 100 = o*b. What is the tens digit of b?
2
Suppose 3 = -5*j + 2*j. What is the tens digit of (-1834)/(-21) - j/(-3)?
8
Suppose -5*g + 47 = 7. Suppose -3*o - 3*l = -33, 3*o - 5*l - 9 - g = 0. Suppose -o*x + 7*x + 20 = 0. What is the units digit of x?
0
Let u(j) = 20*j + 66. Let d(f) = 4*f + 13. Let s(k) = 11*d(k) - 2*u(k). What is the units digit of s(4)?
7
Let w be (-8 + 8)/(2/2). Suppose w = -0*a + 3*a - 30. What is the units digit of a?
0
Let a = 20 + -18. Suppose 3*y - a*y = 25. What is the units digit of y?
5
Let k = 5521 - 3088. What is the hundreds digit of k?
4
Suppose 20 = n + 5*i, -4*i = -3*i - 2. Let c = n - 5. What is the tens digit of ((-2)/c)/(1/(-60))?
2
Suppose 4*p - 5*y = -81, 2*y = 5*p - y + 85. What is the tens digit of ((-12)/p)/(5/420)?
7
Suppose -5*x = 5, 0 = -5*p - 5*x - 362 - 288. Let s = -47 - p. What is the units digit of s?
2
What is the tens digit of 108/12 - 10 - (-525)/1?
2
What is the hundreds digit of (-9)/(-1) - (-126630)/134?
9
Let p(h) = -3*h - 9 + 4 - 4 + 5*h. Let t be p(4). What is the units digit of 1*(15 - t - -4)?
0
Let j(n) = 14*n**3 + 4*n**2 - 8*n + 76. What is the units digit of j(6)?
6
Let j(n) = 2*n**3 - 7*n**2 - 2*n + 5. Let t be j(5). Suppose 0*f + 2*f = t. Suppose 4*a - l = 3*a + f, -4*a = -3*l - 136. What is the tens digit of a?
3
Suppose 58*l - 2614 = 460. What is the units digit of l?
3
Suppose 0 = 43*g + 8*g - 78642. What is the thousands digit of g?
1
Suppose 0 = 4*v + 4*o - 12, 0*v + 3*v - 14 = 2*o. Suppose 2*a + v*a = -66. Let d(i) = i**2 + 8*i - 6. What is the units digit of d(a)?
7
Let k be ((-40)/(-12) + -2)*3. Suppose 4*m - 309 = -4*n + 3*n, m = k*n + 90. What is the tens digit of m?
7
Let s = 16 - -2. Let j = 27 - s. Suppose 7*p - j*p = -108. What is the units digit of p?
4
Let d be 25/(((-4)/(-2))/2). Suppose -5*t + d = -5*u, 0 = -u - 3*t + 6 + 1. What is the units digit of -3 - (28/u + 3)?
8
Let k = 755 - -112. What is the tens digit of k?
6
Let n(z) = z**2 - 3*z - 4. Let o be n(5). Let a(g) = 2*g**2 - 4*g + 4. Let v be a(o). Suppose -h = u - 0*h - 13, -4*h = -4*u + v. What is the tens digit of u?
1
Suppose 5*t + 452 = 9*t. Suppose x - 4*b - t = -4*x, 107 = 5*x - b. Let f = 41 - x. What is the units digit of f?
0
Let g = 14 - 12. What is the tens digit of (15/g - -3)*20/3?
7
What is the tens digit of -5 + -2320*(-6)/12?
5
Let l(s) = 9*s - 2. Suppose y + 3*z = -z + 7, 2*y = -5*z + 14. Let o be l(y). Let t = 88 - o. What is the units digit of t?
7
What is the thousands digit of -2 - -8 - (-1798 - -63)?
1
Let t = 1 - 1. Suppose t = -0*g + 2*g - 80. Suppose -23 = -2*l + n, -g = -5*l - 2*n + n. What is the units digit of l?
9
Let p be -27*((-32)/(-12) - 4). Let a = -32 + p. What is the units digit of a?
4
Let m(v) = -6*v + 2. Let u(x) = 3*x - 1. Let a(r) = -6*m(r) - 13*u(r). Let o be -6 + (-1 + 8 - 2). What is the units digit of a(o)?
4
Let k be 3/2*2568/18. Suppose 4*w = k + 2. What is the units digit of w?
4
Let y = -852 + 3057. What is the hundreds digit of y?
2
Let h(k) = 4*k + 94. What is the hundreds digit of h(16)?
1
Let a = 15 - 15. Suppose 2*b - 80 - 52 = a. Suppose -3*n - r + b = 0, 5*n + 2*r = -3*r + 110. What is the units digit of n?
2
Let l = 65 - -197. What is the units digit of l?
2
Suppose -2*j - 3*j + 38 = 4*a, 0 = 4*j + a - 26. Suppose -22 = -2*p + 2*x, -j*x + 3*x + 47 = 5*p. What is the units digit of p?
0
Let l = 62 - 59. Let t(h) = h**2 + 11*h + 3. Let d be t(-11). Suppose -l*p = -d*k - 72, 5*k + 4 + 72 = 3*p. What is the tens digit of p?
2
Suppose -b + 477 = -937. What is the units digit of b?
4
Suppose 3*x = 4*y - x - 1880, 1420 = 3*y - 5*x. What is the units digit of y?
5
Let v(u) = -u + 21. Let z be v(7). Let l = 42 - z. What is the tens digit of l?
2
Suppose -4*a + 11 + 5 = 5*u,